**2 + 11*n + 13. Let l be k(12). Let s be 0/(-6) + l*12. Calculate the highest common factor of s and 18.
6
Let c be (-8)/20*10/(-1). What is the greatest common divisor of c and 32?
4
Suppose -5*r + 59 + 16 = 0. What is the highest common divisor of 3 and r?
3
Suppose -23 = -2*c - 3*c - 3*z, 13 = 4*c - 3*z. What is the highest common divisor of 4 and c?
4
Let u(m) = 37*m**2 + 7*m - 4. Let h be u(-3). What is the greatest common factor of 44 and h?
44
Let y be (-2 - -14)*(-2 - -3). Let b = 4 + y. What is the highest common divisor of 2 and b?
2
Suppose 6 = 3*t, -2 - 24 = -2*q + 3*t. Let i = -10 - -6. Let w = i + q. What is the highest common factor of w and 60?
12
Let l = 34 + -21. Calculate the greatest common divisor of l and 13.
13
Let x = 477 - 222. Suppose -2*w - x = -7*w. Calculate the highest common factor of 34 and w.
17
Suppose 3*o - 2*o = 0. Suppose -3*b + l - 3*l + 34 = o, l - 12 = -b. Suppose -5*k + b = -30. Calculate the highest common factor of k and 72.
8
Let x(f) = 3*f**2 + 16*f - 7. Let h be x(-6). What is the highest common factor of 55 and h?
5
Let y be -2 + (-2)/((-6)/27). Suppose 3*r - y + 1 = 0. What is the highest common factor of r and 6?
2
Let d = -28 + -3. Let h = 67 + d. Suppose 3*a - 31 = -4*g, g + 26 = 3*a - 0*g. Calculate the greatest common factor of h and a.
9
Suppose 2*t = -0*g - 5*g + 165, 4*g = t + 145. Let s = g - 1. Let j be -3 - (-20 + 2 + -2). What is the greatest common factor of s and j?
17
Let x(b) = -b + 12. Let i be x(-16). What is the greatest common factor of i and 42?
14
Let w(l) = -l + 6. Let m be w(-15). What is the greatest common factor of m and 21?
21
Suppose 3*r = 7*r - 32. Let v = 13 + -5. What is the greatest common divisor of v and r?
8
Let l = -5 + 5. Suppose l*u = -4*u - 328. Let m be 7/42 - u/12. What is the highest common divisor of m and 7?
7
Let q(s) = s**2 - 9*s + 9. Suppose -b - 9 = -2*b. Let d be q(b). Let x = d - 4. What is the highest common factor of 1 and x?
1
Suppose 5*q - 80 = 5*n, -2*n = -4*q - 7*n + 28. Let o = -19 + 55. What is the highest common factor of o and q?
12
Suppose -58 - 8 = -3*d. Calculate the highest common factor of 55 and d.
11
Let b be (2*-1 + 2)/(-1). Suppose b = -4*v + v. Suppose 2*o + 3*h - 180 = v, -6*o + 3*o - 4*h + 270 = 0. What is the highest common factor of 18 and o?
18
Suppose 5*x - 402 = 2*r, -495 = -5*x - 5*r - 100. Calculate the highest common divisor of 16 and x.
16
Let a be 1*5*(-16)/(-10). Suppose 2*w - 6*w = 8. Let q be 2 + 3/w*-4. Calculate the greatest common divisor of q and a.
8
Suppose 23 = 4*j - 13. Calculate the highest common divisor of j and 117.
9
Let y(s) = 6*s - 4. Let t be y(4). Suppose j + j + 3*a = 1215, 5*a = 25. Let r be (6/(-4))/((-18)/j). What is the highest common divisor of t and r?
10
Suppose -4*c + 7*c = 57. Let d be 1 - 3 - (-96 - 1). Calculate the highest common factor of d and c.
19
Let s(g) = -g**2 + 6*g - 10. Let f be s(4). Let z be f + 22 - 1*-4. What is the greatest common divisor of z and 3?
3
Let y be (-1 - 1)/(2/(-3)). Suppose -3*j = 2*h + h - 90, -4*j = 3*h - 93. What is the greatest common factor of h and y?
3
Let l = 65 - 29. What is the greatest common factor of 108 and l?
36
Let i be (-5)/((-5)/2) + 2. Suppose -i*s - 30 = -9*s. Calculate the highest common factor of s and 42.
6
Let c(y) = y**2 - 6*y + 4. Let s be c(6). Suppose -v - 135 = -s*v. Suppose h - 90 = -5*m, 5*m - m = -3*h + 72. What is the highest common divisor of m and v?
9
Suppose 0 = b - 3*q - 42, 3*q + 39 = 5*b - 135. Calculate the greatest common divisor of 55 and b.
11
Suppose 0 = -2*c - 2*c. Let o(v) = v + 81. Let m be o(c). Let f = -11 - -20. Calculate the greatest common divisor of m and f.
9
Suppose 90 = -0*x + 6*x. What is the greatest common factor of 35 and x?
5
Let u = 23 + -16. Calculate the highest common factor of u and 28.
7
Let k(s) = 26*s**2 - 1 + 4*s**2 - 2*s - 7*s**2. Let u be k(-1). Suppose -f + 102 = 5*p, p + 2*f - u = -0*p. Calculate the highest common factor of p and 30.
10
Let h(k) = -10*k - 4. Let d be h(-3). Calculate the greatest common divisor of 13 and d.
13
Suppose -5*q = -3*q - 16. Let d be (1 + -97)*(-4)/q. What is the highest common divisor of 6 and d?
6
Let w = -3 + 9. Let q be 178/w - (-8)/24. Suppose -3*d - 1 + 37 = 0. Calculate the highest common divisor of q and d.
6
Suppose 4*h - 45 = 15. Let x(l) = -5*l**3 - 2*l**2 + 3. Let z be x(-3). Calculate the greatest common factor of z and h.
15
Let j(g) = 10*g - 20. Let u be j(5). Calculate the highest common divisor of u and 12.
6
Suppose -o + 2*o - 56 = 0. Calculate the highest common divisor of o and 14.
14
Suppose 5*p - 31 = 34. Suppose 0*q + 5*q - 715 = 0. Calculate the greatest common divisor of p and q.
13
Let k(n) = -n**3 - 3*n**2 + 4*n + 5. Let l be k(-4). Suppose -17 = -4*t + 3*v - 0*v, -l*t - 5 = 5*v. Calculate the greatest common divisor of t and 1.
1
Let f be (2/1 + -19)*-1. Suppose 502 = 5*v - 93. What is the highest common factor of v and f?
17
Let d be 2/2 + 2 - 0. Let q be ((-2)/d + -1)*-3. Let j(t) = -t**2 - 13*t + 5. Let x be j(-13). Calculate the greatest common divisor of x and q.
5
Let p = -30 - -127. Let c be -3*(-1 + p/(-3)). Suppose -g = 5*z - c, 252 = 3*g + 3*z - 0*z. Calculate the greatest common divisor of g and 10.
10
Suppose 87 - 903 = -3*t. What is the greatest common factor of 34 and t?
34
Suppose 2*m - 166 = -2*v - 2*m, -4*v - 3*m = -332. Let k = -39 + v. Let h = 74 - k. What is the greatest common divisor of h and 15?
15
Suppose -3*n + 1149 = 4*t, 2*n + 279 = -4*t + 5*t. Let p be 6/8 - t/(-20). Calculate the highest common divisor of 45 and p.
15
Let o(u) = u**3 - 2*u**2 + 104. Let j be o(0). Calculate the greatest common divisor of j and 13.
13
Suppose 0 = 15*x + 146 - 386. What is the greatest common divisor of x and 104?
8
Let h be (-11)/(-2) + 2/4. Let f be 3/(-9) + (-4)/h. Let i be (f/3)/(8/(-336)). What is the highest common divisor of i and 28?
14
Suppose -4*l + 5*t - 2*t = -20, -3*l = -3*t - 18. Suppose -l*b = b + 9. Let m be 89 - 1 - (-5 - b). What is the greatest common divisor of 18 and m?
18
Suppose 4*z - 4*d = d + 74, -4*z = -3*d - 78. Calculate the highest common divisor of z and 7.
7
Let d(q) = -q**3 - 2*q**2 + 6*q + 2. Let l be d(-4). Let k(g) = 2*g - 6. Let w be k(l). What is the greatest common divisor of 28 and w?
14
Let r(t) = -33*t + 2. Let n be r(-1). Let s be 2/4 - 9/(-6). Let w be s*(50/(-4))/(-5). What is the highest common divisor of w and n?
5
Suppose 9 = 5*x - 11. Suppose -5*k = -2*k - 12, -2*m + 84 = -k. Calculate the highest common divisor of x and m.
4
Let f be -2 - -8 - (3 - 6). Let c = 22 - 13. What is the highest common factor of c and f?
9
Let k be (-1 - 6)*3/(-3). Let j(h) = h**2 - 8*h + 1. Let w be j(k). Let y be (4/3)/((-4)/w). Calculate the highest common factor of y and 5.
1
Let a = 38 - 32. What is the greatest common factor of a and 66?
6
Suppose -l + 218 = 4*c, 3*c = c + l + 112. Let q(k) = -2*k**3 + 11*k**2 - 4*k - 10. Let w be q(4). Calculate the highest common factor of w and c.
11
Let a = 370 - 214. Let f = a - 102. What is the greatest common factor of 18 and f?
18
Let q = -5 - -17. Suppose 0*z - q = -3*z. Suppose 0*b + 84 = 3*b. Calculate the highest common factor of b and z.
4
Suppose -v + 3*v + 12 = 0. Let x be (-3)/v*12/1. Calculate the greatest common divisor of x and 3.
3
Suppose 6 = -9*u + 105. What is the greatest common factor of u and 77?
11
Let y = 96 - 19. Suppose -3*m + 2*m = -4. Suppose m*b + 4*x = 3*x + 33, 5 = x. Calculate the greatest common factor of y and b.
7
Let t(z) = 2*z + 11. Let c be t(-4). Suppose -j = 3*p + 4*j - 34, 38 = 4*p + c*j. What is the highest common factor of p and 8?
8
Let y(f) = 10*f**2 + 2*f + 1. Let w be y(2). Suppose 18 = 11*n - 10*n. What is the greatest common factor of w and n?
9
Let d be 1 - 5 - (-354 - 2). Calculate the highest common factor of 32 and d.
32
Let s(n) = 2*n**2 - 2*n - 1. Let a be s(2). Let b be 10 + (1 - (a - 3)). Suppose 0 = -4*h + 18 + 466. What is the highest common divisor of b and h?
11
Suppose 0 = -3*a - 5*u + 4, a + 6 = -u + 3*u. Let g be ((-54)/(-15))/(a/(-10)). What is the highest common divisor of g and 6?
6
Let m(a) = -a**3 + 8*a**2 + 5*a - 8. Let q be m(8). What is the highest common divisor of q an